the remainder when 17936 is divided by 1272?
128
Calculate the remainder when 9204585 is divided by 31.
3
Calculate the remainder when 1478767453 is divided by 55.
53
What is the remainder when 253558872 is divided by 8702?
8698
What is the remainder when 11438150 is divided by 78?
74
Calculate the remainder when 14394 is divided by 3288.
1242
What is the remainder when 1289670 is divided by 1959?
648
Calculate the remainder when 13393414 is divided by 2196.
10
What is the remainder when 129688 is divided by 5679?
4750
Calculate the remainder when 326567 is divided by 26.
7
Calculate the remainder when 23667821 is divided by 1334.
1327
What is the remainder when 16911624 is divided by 1028?
1024
What is the remainder when 4134576 is divided by 217609?
5
What is the remainder when 14100621 is divided by 242?
7
Calculate the remainder when 1595190 is divided by 1943.
1930
Calculate the remainder when 6536337 is divided by 5.
2
What is the remainder when 64486 is divided by 724?
50
What is the remainder when 2159468 is divided by 107969?
88
Calculate the remainder when 20611653 is divided by 6870549.
6
What is the remainder when 1394154 is divided by 589?
580
What is the remainder when 1867044 is divided by 316?
116
Calculate the remainder when 816234 is divided by 240.
234
Calculate the remainder when 10684794 is divided by 1120.
1114
What is the remainder when 508987 is divided by 254292?
403
Calculate the remainder when 62575 is divided by 114.
103
Calculate the remainder when 51097 is divided by 776.
657
What is the remainder when 2927411 is divided by 6098?
371
Calculate the remainder when 385808 is divided by 2746.
1368
Calculate the remainder when 13087632 is divided by 470.
12
Calculate the remainder when 303570 is divided by 618.
132
Calculate the remainder when 333722051 is divided by 203.
201
Calculate the remainder when 19704 is divided by 93.
81
Calculate the remainder when 4800 is divided by 1895.
1010
What is the remainder when 46864 is divided by 11703?
52
What is the remainder when 1032306 is divided by 20646?
6
Calculate the remainder when 56382 is divided by 18751.
129
What is the remainder when 30335900 is divided by 332?
64
What is the remainder when 123669 is divided by 29?
13
What is the remainder when 27791 is divided by 2878?
1889
Calculate the remainder when 5372985 is divided by 3563.
3544
What is the remainder when 303130473 is divided by 198?
195
What is the remainder when 604581 is divided by 23?
3
What is the remainder when 32491203 is divided by 91783?
21
What is the remainder when 22997 is divided by 1261?
299
What is the remainder when 11830750 is divided by 94?
4
Calculate the remainder when 329315181 is divided by 3479.
3478
What is the remainder when 359080 is divided by 1850?
180
Calculate the remainder when 3702815 is divided by 127.
3
Calculate the remainder when 22021 is divided by 4253.
756
What is the remainder when 102820 is divided by 34273?
1
What is the remainder when 6440104 is divided by 258?
166
What is the remainder when 1784909 is divided by 4890?
59
Calculate the remainder when 14528608 is divided by 45.
43
What is the remainder when 638308 is divided by 176?
132
What is the remainder when 2954172 is divided by 4899?
75
Calculate the remainder when 243479524 is divided by 3485.
3484
What is the remainder when 199120 is divided by 12443?
32
What is the remainder when 4886985 is divided by 112?
89
Calculate the remainder when 35919704 is divided by 779.
14
Calculate the remainder when 108642 is divided by 1784.
1602
Calculate the remainder when 457704 is divided by 163.
0
Calculate the remainder when 8454202 is divided by 12217.
38
Calculate the remainder when 376857 is divided by 406.
89
Calculate the remainder when 438765 is divided by 10917.
2085
Calculate the remainder when 1820053 is divided by 66.
37
What is the remainder when 3158980 is divided by 110?
0
What is the remainder when 669870 is divided by 47846?
26
What is the remainder when 2303610 is divided by 4901?
140
Calculate the remainder when 295729903 is divided by 5.
3
What is the remainder when 541900 is divided by 1530?
280
What is the remainder when 16715932 is divided by 1193992?
44
Calculate the remainder when 6555263 is divided by 32.
31
What is the remainder when 49729 is divided by 311?
280
What is the remainder when 968121 is divided by 2658?
609
Calculate the remainder when 561703 is divided by 522.
31
What is the remainder when 541833 is divided by 5344?
2089
Calculate the remainder when 31646 is divided by 565.
6
What is the remainder when 312848 is divided by 5687?
63
Calculate the remainder when 711407 is divided by 10471.
9850
Calculate the remainder when 117422 is divided by 41.
39
What is the remainder when 11008373 is divided by 13?
12
Calculate the remainder when 14441757 is divided by 160.
157
What is the remainder when 11759164 is divided by 247?
235
What is the remainder when 612376 is divided by 18548?
292
What is the remainder when 6515764 is divided by 23?
2
Calculate the remainder when 19795 is divided by 6378.
661
Calculate the remainder when 1796216 is divided by 628.
136
What is the remainder when 238059903 is divided by 4?
3
What is the remainder when 842612 is divided by 749?
736
Calculate the remainder when 1182261 is divided by 54.
39
What is the remainder when 37600250 is divided by 1101?
1100
What is the remainder when 6011250 is divided by 98?
28
What is the remainder when 2658934 is divided by 1227?
25
What is the remainder when 7905923 is divided by 24629?
14
Calculate the remainder when 14379 is divided by 6709.
961
Calculate the remainder when 8757502 is divided by 361.
3
Calculate the remainder when 1161958 is divided by 1263.
1261
What is the remainder when 1933471 is divided by 107414?
19
What is the remainder when 106400753 is divided by 794?
783
What is the remainder when 18040225 is divided by 20?
5
Calculate the remainder when 1262119 is divided by 14497.
880
What is the remainder when 766991 is divided by 255611?
158
What is the remainder when 6229392 is divided by 7?
1
Calculate the remainder when 469197 is divided by 733.
77
Calculate the remainder when 1221032 is divided by 414.
146
Calculate the remainder when 10010307 is divided by 334.
327
What is the remainder when 78454 is divided by 203?
96
What is the remainder when 1413316 is divided by 1789?
6
What is the remainder when 12502 is divided by 2787?
1354
Calculate the remainder when 1038917 is divided by 1362.
1073
Calculate the remainder when 6813088 is divided by 306.
304
Calculate the remainder when 1497597 is divided by 748744.
109
Calculate the remainder when 1295717 is divided by 85.
62
What is the remainder when 116226650 is divided by 114?
2
Calculate the remainder when 592986077 is divided by 22.
13
Calculate the remainder when 376305293 is divided by 1051.
1049
Calculate the remainder when 12970 is divided by 5962.
1046
What is the remainder when 5220159 is divided by 42?
21
Calculate the remainder when 30222651 is divided by 64.
59
What is the remainder when 813120 is divided by 202?
70
What is the remainder when 257798 is divided by 51558?
8
Calculate the remainder when 4143586 is divided by 239.
43
Calculate the remainder when 93301 is divided by 8516.
8141
What is the remainder when 7776 is divided by 156?
132
Calculate the remainder when 81182621 is divided by 154.
135
What is the remainder when 178923 is divided by 9851?
1605
Calculate the remainder when 487326 is divided by 69618.
0
What is the remainder when 1087515 is divided by 271875?
15
What is the remainder when 59486 is divided by 5403?
53
What is the remainder when 13483 is divided by 348?
259
Calculate the remainder when 499710 is divided by 857.
79
What is the remainder when 1491424 is divided by 165689?
223
Calculate the remainder when 91653040 is divided by 2.
0
Calculate the remainder when 45176202 is divided by 576.
522
Calculate the remainder when 1487613 is divided by 55094.
75
What is the remainder when 1338718 is divided by 267589?
773
Calculate the remainder when 2188045 is divided by 273503.
21
What is the remainder when 10205786 is divided by 2274?
74
What is the remainder when 35848 is divided by 1443?
1216
Calculate the remainder whe